{"id":13585,"date":"2025-08-08T10:15:18","date_gmt":"2025-08-08T10:15:18","guid":{"rendered":"https:\/\/cac-cl.pt\/?post_type=event_listing&#038;p=13585"},"modified":"2026-03-05T09:45:38","modified_gmt":"2026-03-05T09:45:38","slug":"global-pharma-4th-edition","status":"publish","type":"event_listing","link":"https:\/\/cac-cl.pt\/pt\/event\/global-pharma-4th-edition\/","title":{"rendered":"Global Pharma Executive Course | 4th Edition"},"content":{"rendered":"<p><strong>The fourth edition of the Global Pharma Executive Course is coming!<\/strong><\/p>\n\n\n\n<p>Scheduled to start in March 2026, this executive course is designed to equip professionals with advanced knowledge in the ever-evolving pharmaceutical sector!<\/p>\n\n\n\n<p>Organized by <a href=\"https:\/\/www.thegenh.com\/\">GenH<\/a> with the support of <a href=\"https:\/\/fm.ucp.pt\/catolica-medical-school\">Faculdade de Medicina da Universidade Cat\u00f3lica<\/a>, the <a href=\"https:\/\/cac-cl.pt\/\">Cat\u00f3lica Luz Clinical Academic Centre<\/a>, <a href=\"https:\/\/www.hospitaldaluz.pt\/learninghealth\/pt\/\">Hospital da Luz Learning Health<\/a> e a <a href=\"https:\/\/www.ump.pt\/\">Uni\u00e3o das Miseric\u00f3rdias Portuguesas<\/a>, this executive course covers key areas such as&nbsp;R&amp;D,&nbsp;operations,&nbsp;future healthcare trends,&nbsp;sustainability, and&nbsp;patient-centered strategies.<\/p>\n\n\n\n<p>With interactive case studies and pratical sessions, participants of this executive course will engage with leading C-level executives and industry experts!<\/p>\n\n\n\n<p>One of the participants of the 3rd edition of this executive course, Susana Sargento, <em>Senior Regulatory Affairs Manager<\/em> <em>on Teva Portugal<\/em>, highlights the following aspects of this executive course.<\/p>\n\n\n\n<p><strong><em>&#8220;Participating in Global Pharma.3 was an extremely enriching experience that broadened my perspective on innovation in the pharmaceutical industry. The course offered up-to-date and relevant content, with a practical and strategic approach that added great value to my professional journey. I highly recommend it to all professionals in the field &#8211; it\u2019s a unique opportunity for learning and networking with top-tier experts.&#8221;<\/em><\/strong><\/p>\n\n\n\n<p>\ud83d\udc49 <strong>More information and early access for this executive course:<\/strong><a href=\"https:\/\/www.thegenh.com\/gp4\"> https:\/\/www.thegenh.com\/gp4<\/a><\/p>","protected":false},"featured_media":13740,"template":"","meta":{"_acf_changed":false,"inline_featured_image":false},"event_listing_category":[],"event_listing_type":[135],"class_list":["post-13585","event_listing","type-event_listing","status-publish","has-post-thumbnail","hentry","event_listing_type-event"],"acf":[],"yoast_head":"<!-- This site is optimized with the Yoast SEO plugin v27.5 - https:\/\/yoast.com\/product\/yoast-seo-wordpress\/ -->\n<title>Global Pharma Executive Course | 4th Edition | Centro Acad\u00e9mico Cl\u00ednico Cat\u00f3lica Luz (CAC-CL)<\/title>\n<meta name=\"robots\" content=\"index, follow, max-snippet:-1, max-image-preview:large, max-video-preview:-1\" \/>\n<link rel=\"canonical\" href=\"https:\/\/cac-cl.pt\/pt\/event\/global-pharma-4th-edition\/\" \/>\n<meta property=\"og:locale\" content=\"pt_PT\" \/>\n<meta property=\"og:type\" content=\"article\" \/>\n<meta property=\"og:title\" content=\"Global Pharma Executive Course | 4th Edition | Centro Acad\u00e9mico Cl\u00ednico Cat\u00f3lica Luz (CAC-CL)\" \/>\n<meta property=\"og:description\" content=\"The fourth edition of the Global Pharma Executive Course is coming! Scheduled to start in March 2026, this executive course is designed to equip professionals with advanced knowledge in the ever-evolving pharmaceutical sector! Organized by GenH with the support of Cat\u00f3lica Medical School, the Cat\u00f3lica Luz Clinical Academic Centre, Hospital da Luz Learning Health and [&hellip;]\" \/>\n<meta property=\"og:url\" content=\"https:\/\/cac-cl.pt\/pt\/event\/global-pharma-4th-edition\/\" \/>\n<meta property=\"og:site_name\" content=\"Centro Acad\u00e9mico Cl\u00ednico Cat\u00f3lica Luz (CAC-CL)\" \/>\n<meta property=\"article:modified_time\" content=\"2026-03-05T09:45:38+00:00\" \/>\n<meta property=\"og:image\" content=\"https:\/\/cac-cl.pt\/wp-content\/uploads\/2025\/08\/Comms_GP4_GenH_-37-002-1-1.png\" \/>\n\t<meta property=\"og:image:width\" content=\"2560\" \/>\n\t<meta property=\"og:image:height\" content=\"1446\" \/>\n\t<meta property=\"og:image:type\" content=\"image\/png\" \/>\n<meta name=\"twitter:card\" content=\"summary_large_image\" \/>\n<meta name=\"twitter:label1\" content=\"Tempo estimado de leitura\" \/>\n\t<meta name=\"twitter:data1\" content=\"2 minutos\" \/>\n<script type=\"application\/ld+json\" class=\"yoast-schema-graph\">{\"@context\":\"https:\\\/\\\/schema.org\",\"@graph\":[{\"@type\":\"WebPage\",\"@id\":\"https:\\\/\\\/cac-cl.pt\\\/event\\\/global-pharma-4th-edition\\\/\",\"url\":\"https:\\\/\\\/cac-cl.pt\\\/event\\\/global-pharma-4th-edition\\\/\",\"name\":\"Global Pharma Executive Course | 4th Edition | Centro Acad\u00e9mico Cl\u00ednico Cat\u00f3lica Luz (CAC-CL)\",\"isPartOf\":{\"@id\":\"https:\\\/\\\/cac-cl.pt\\\/#website\"},\"primaryImageOfPage\":{\"@id\":\"https:\\\/\\\/cac-cl.pt\\\/event\\\/global-pharma-4th-edition\\\/#primaryimage\"},\"image\":{\"@id\":\"https:\\\/\\\/cac-cl.pt\\\/event\\\/global-pharma-4th-edition\\\/#primaryimage\"},\"thumbnailUrl\":\"https:\\\/\\\/cac-cl.pt\\\/wp-content\\\/uploads\\\/2025\\\/08\\\/Comms_GP4_GenH_-37-002-1-1.png\",\"datePublished\":\"2025-08-08T10:15:18+00:00\",\"dateModified\":\"2026-03-05T09:45:38+00:00\",\"breadcrumb\":{\"@id\":\"https:\\\/\\\/cac-cl.pt\\\/event\\\/global-pharma-4th-edition\\\/#breadcrumb\"},\"inLanguage\":\"pt-PT\",\"potentialAction\":[{\"@type\":\"ReadAction\",\"target\":[\"https:\\\/\\\/cac-cl.pt\\\/event\\\/global-pharma-4th-edition\\\/\"]}]},{\"@type\":\"ImageObject\",\"inLanguage\":\"pt-PT\",\"@id\":\"https:\\\/\\\/cac-cl.pt\\\/event\\\/global-pharma-4th-edition\\\/#primaryimage\",\"url\":\"https:\\\/\\\/cac-cl.pt\\\/wp-content\\\/uploads\\\/2025\\\/08\\\/Comms_GP4_GenH_-37-002-1-1.png\",\"contentUrl\":\"https:\\\/\\\/cac-cl.pt\\\/wp-content\\\/uploads\\\/2025\\\/08\\\/Comms_GP4_GenH_-37-002-1-1.png\",\"width\":2560,\"height\":1446},{\"@type\":\"BreadcrumbList\",\"@id\":\"https:\\\/\\\/cac-cl.pt\\\/event\\\/global-pharma-4th-edition\\\/#breadcrumb\",\"itemListElement\":[{\"@type\":\"ListItem\",\"position\":1,\"name\":\"In\u00edcio\",\"item\":\"https:\\\/\\\/cac-cl.pt\\\/\"},{\"@type\":\"ListItem\",\"position\":2,\"name\":\"Global Pharma Executive Course | 4th Edition\"}]},{\"@type\":\"WebSite\",\"@id\":\"https:\\\/\\\/cac-cl.pt\\\/#website\",\"url\":\"https:\\\/\\\/cac-cl.pt\\\/\",\"name\":\"Centro Acad\u00e9mico Cl\u00ednico Cat\u00f3lica Luz (CAC-CL)\",\"description\":\"Centro Acad\u00e9mico Cl\u00ednico Cat\u00f3lica Luz\",\"publisher\":{\"@id\":\"https:\\\/\\\/cac-cl.pt\\\/#organization\"},\"alternateName\":\"CAC-CL\",\"potentialAction\":[{\"@type\":\"SearchAction\",\"target\":{\"@type\":\"EntryPoint\",\"urlTemplate\":\"https:\\\/\\\/cac-cl.pt\\\/?s={search_term_string}\"},\"query-input\":{\"@type\":\"PropertyValueSpecification\",\"valueRequired\":true,\"valueName\":\"search_term_string\"}}],\"inLanguage\":\"pt-PT\"},{\"@type\":\"Organization\",\"@id\":\"https:\\\/\\\/cac-cl.pt\\\/#organization\",\"name\":\"Centro Acad\u00e9mico Cl\u00ednico Cat\u00f3lica Luz (CAC-CL)\",\"alternateName\":\"CAC-CL\",\"url\":\"https:\\\/\\\/cac-cl.pt\\\/\",\"logo\":{\"@type\":\"ImageObject\",\"inLanguage\":\"pt-PT\",\"@id\":\"https:\\\/\\\/cac-cl.pt\\\/#\\\/schema\\\/logo\\\/image\\\/\",\"url\":\"https:\\\/\\\/cac-cl.pt\\\/wp-content\\\/uploads\\\/2024\\\/04\\\/cropped-CAC_Logotipo_Principal_Positivo-e1712844263631.png\",\"contentUrl\":\"https:\\\/\\\/cac-cl.pt\\\/wp-content\\\/uploads\\\/2024\\\/04\\\/cropped-CAC_Logotipo_Principal_Positivo-e1712844263631.png\",\"width\":2249,\"height\":1409,\"caption\":\"Centro Acad\u00e9mico Cl\u00ednico Cat\u00f3lica Luz (CAC-CL)\"},\"image\":{\"@id\":\"https:\\\/\\\/cac-cl.pt\\\/#\\\/schema\\\/logo\\\/image\\\/\"},\"sameAs\":[\"https:\\\/\\\/www.linkedin.com\\\/company\\\/caolica-luz-cac\\\/\",\"https:\\\/\\\/www.instagram.com\\\/caccl.pt\\\/\",\"https:\\\/\\\/pt.pinterest.com\\\/catolicaluz\\\/\"]}]}<\/script>\n<!-- \/ Yoast SEO plugin. -->","yoast_head_json":{"title":"Global Pharma Executive Course | 4th Edition | Centro Acad\u00e9mico Cl\u00ednico Cat\u00f3lica Luz (CAC-CL)","robots":{"index":"index","follow":"follow","max-snippet":"max-snippet:-1","max-image-preview":"max-image-preview:large","max-video-preview":"max-video-preview:-1"},"canonical":"https:\/\/cac-cl.pt\/pt\/event\/global-pharma-4th-edition\/","og_locale":"pt_PT","og_type":"article","og_title":"Global Pharma Executive Course | 4th Edition | Centro Acad\u00e9mico Cl\u00ednico Cat\u00f3lica Luz (CAC-CL)","og_description":"The fourth edition of the Global Pharma Executive Course is coming! Scheduled to start in March 2026, this executive course is designed to equip professionals with advanced knowledge in the ever-evolving pharmaceutical sector! Organized by GenH with the support of Cat\u00f3lica Medical School, the Cat\u00f3lica Luz Clinical Academic Centre, Hospital da Luz Learning Health and [&hellip;]","og_url":"https:\/\/cac-cl.pt\/pt\/event\/global-pharma-4th-edition\/","og_site_name":"Centro Acad\u00e9mico Cl\u00ednico Cat\u00f3lica Luz (CAC-CL)","article_modified_time":"2026-03-05T09:45:38+00:00","og_image":[{"width":2560,"height":1446,"url":"https:\/\/cac-cl.pt\/wp-content\/uploads\/2025\/08\/Comms_GP4_GenH_-37-002-1-1.png","type":"image\/png"}],"twitter_card":"summary_large_image","twitter_misc":{"Tempo estimado de leitura":"2 minutos"},"schema":{"@context":"https:\/\/schema.org","@graph":[{"@type":"WebPage","@id":"https:\/\/cac-cl.pt\/event\/global-pharma-4th-edition\/","url":"https:\/\/cac-cl.pt\/event\/global-pharma-4th-edition\/","name":"Global Pharma Executive Course | 4th Edition | Centro Acad\u00e9mico Cl\u00ednico Cat\u00f3lica Luz (CAC-CL)","isPartOf":{"@id":"https:\/\/cac-cl.pt\/#website"},"primaryImageOfPage":{"@id":"https:\/\/cac-cl.pt\/event\/global-pharma-4th-edition\/#primaryimage"},"image":{"@id":"https:\/\/cac-cl.pt\/event\/global-pharma-4th-edition\/#primaryimage"},"thumbnailUrl":"https:\/\/cac-cl.pt\/wp-content\/uploads\/2025\/08\/Comms_GP4_GenH_-37-002-1-1.png","datePublished":"2025-08-08T10:15:18+00:00","dateModified":"2026-03-05T09:45:38+00:00","breadcrumb":{"@id":"https:\/\/cac-cl.pt\/event\/global-pharma-4th-edition\/#breadcrumb"},"inLanguage":"pt-PT","potentialAction":[{"@type":"ReadAction","target":["https:\/\/cac-cl.pt\/event\/global-pharma-4th-edition\/"]}]},{"@type":"ImageObject","inLanguage":"pt-PT","@id":"https:\/\/cac-cl.pt\/event\/global-pharma-4th-edition\/#primaryimage","url":"https:\/\/cac-cl.pt\/wp-content\/uploads\/2025\/08\/Comms_GP4_GenH_-37-002-1-1.png","contentUrl":"https:\/\/cac-cl.pt\/wp-content\/uploads\/2025\/08\/Comms_GP4_GenH_-37-002-1-1.png","width":2560,"height":1446},{"@type":"BreadcrumbList","@id":"https:\/\/cac-cl.pt\/event\/global-pharma-4th-edition\/#breadcrumb","itemListElement":[{"@type":"ListItem","position":1,"name":"In\u00edcio","item":"https:\/\/cac-cl.pt\/"},{"@type":"ListItem","position":2,"name":"Global Pharma Executive Course | 4th Edition"}]},{"@type":"WebSite","@id":"https:\/\/cac-cl.pt\/#website","url":"https:\/\/cac-cl.pt\/","name":"Centro Acad\u00e9mico Cl\u00ednico Cat\u00f3lica Luz (CAC-CL)","description":"Centro Acad\u00e9mico Cl\u00ednico Cat\u00f3lica Luz","publisher":{"@id":"https:\/\/cac-cl.pt\/#organization"},"alternateName":"CAC-CL","potentialAction":[{"@type":"SearchAction","target":{"@type":"EntryPoint","urlTemplate":"https:\/\/cac-cl.pt\/?s={search_term_string}"},"query-input":{"@type":"PropertyValueSpecification","valueRequired":true,"valueName":"search_term_string"}}],"inLanguage":"pt-PT"},{"@type":"Organization","@id":"https:\/\/cac-cl.pt\/#organization","name":"Centro Acad\u00e9mico Cl\u00ednico Cat\u00f3lica Luz (CAC-CL)","alternateName":"CAC-CL","url":"https:\/\/cac-cl.pt\/","logo":{"@type":"ImageObject","inLanguage":"pt-PT","@id":"https:\/\/cac-cl.pt\/#\/schema\/logo\/image\/","url":"https:\/\/cac-cl.pt\/wp-content\/uploads\/2024\/04\/cropped-CAC_Logotipo_Principal_Positivo-e1712844263631.png","contentUrl":"https:\/\/cac-cl.pt\/wp-content\/uploads\/2024\/04\/cropped-CAC_Logotipo_Principal_Positivo-e1712844263631.png","width":2249,"height":1409,"caption":"Centro Acad\u00e9mico Cl\u00ednico Cat\u00f3lica Luz (CAC-CL)"},"image":{"@id":"https:\/\/cac-cl.pt\/#\/schema\/logo\/image\/"},"sameAs":["https:\/\/www.linkedin.com\/company\/caolica-luz-cac\/","https:\/\/www.instagram.com\/caccl.pt\/","https:\/\/pt.pinterest.com\/catolicaluz\/"]}]}},"_links":{"self":[{"href":"https:\/\/cac-cl.pt\/pt\/wp-json\/wp\/v2\/event_listing\/13585","targetHints":{"allow":["GET"]}}],"collection":[{"href":"https:\/\/cac-cl.pt\/pt\/wp-json\/wp\/v2\/event_listing"}],"about":[{"href":"https:\/\/cac-cl.pt\/pt\/wp-json\/wp\/v2\/types\/event_listing"}],"wp:featuredmedia":[{"embeddable":true,"href":"https:\/\/cac-cl.pt\/pt\/wp-json\/wp\/v2\/media\/13740"}],"wp:attachment":[{"href":"https:\/\/cac-cl.pt\/pt\/wp-json\/wp\/v2\/media?parent=13585"}],"wp:term":[{"taxonomy":"event_listing_category","embeddable":true,"href":"https:\/\/cac-cl.pt\/pt\/wp-json\/wp\/v2\/event_listing_category?post=13585"},{"taxonomy":"event_listing_type","embeddable":true,"href":"https:\/\/cac-cl.pt\/pt\/wp-json\/wp\/v2\/event_listing_type?post=13585"}],"curies":[{"name":"wp","href":"https:\/\/api.w.org\/{rel}","templated":true}]}}

<p><strong>The fourth edition of the Global Pharma Executive Course is coming!</strong></p>



<p>Scheduled to start in March 2026, this executive course is designed to equip professionals with advanced knowledge in the ever-evolving pharmaceutical sector!</p>



<p>Organized by <a href="https://www.thegenh.com/">GenH</a> with the support of <a href="https://fm.ucp.pt/catolica-medical-school">Faculdade de Medicina da Universidade Católica</a>, the <a href="https://cac-cl.pt/">Católica Luz Clinical Academic Centre</a>, <a href="https://www.hospitaldaluz.pt/learninghealth/pt/">Hospital da Luz Learning Health</a> e a <a href="https://www.ump.pt/">União das Misericórdias Portuguesas</a>, this executive course covers key areas such as&nbsp;R&amp;D,&nbsp;operations,&nbsp;future healthcare trends,&nbsp;sustainability, and&nbsp;patient-centered strategies.</p>



<p>With interactive case studies and pratical sessions, participants of this executive course will engage with leading C-level executives and industry experts!</p>



<p>One of the participants of the 3rd edition of this executive course, Susana Sargento, <em>Senior Regulatory Affairs Manager</em> <em>on Teva Portugal</em>, highlights the following aspects of this executive course.</p>



<p><strong><em>&#8220;Participating in Global Pharma.3 was an extremely enriching experience that broadened my perspective on innovation in the pharmaceutical industry. The course offered up-to-date and relevant content, with a practical and strategic approach that added great value to my professional journey. I highly recommend it to all professionals in the field &#8211; it’s a unique opportunity for learning and networking with top-tier experts.&#8221;</em></strong></p>



<p>👉 <strong>More information and early access for this executive course:</strong><a href="https://www.thegenh.com/gp4"> https://www.thegenh.com/gp4</a></p>

<!-- This site is optimized with the Yoast SEO plugin v27.5 - https://yoast.com/product/yoast-seo-wordpress/ -->
<title>Global Pharma Executive Course | 4th Edition | Centro Académico Clínico Católica Luz (CAC-CL)</title>
<meta name="robots" content="index, follow, max-snippet:-1, max-image-preview:large, max-video-preview:-1" />
<link rel="canonical" href="https://cac-cl.pt/pt/event/global-pharma-4th-edition/" />
<meta property="og:locale" content="pt_PT" />
<meta property="og:type" content="article" />
<meta property="og:title" content="Global Pharma Executive Course | 4th Edition | Centro Académico Clínico Católica Luz (CAC-CL)" />
<meta property="og:description" content="The fourth edition of the Global Pharma Executive Course is coming! Scheduled to start in March 2026, this executive course is designed to equip professionals with advanced knowledge in the ever-evolving pharmaceutical sector! Organized by GenH with the support of Católica Medical School, the Católica Luz Clinical Academic Centre, Hospital da Luz Learning Health and [&hellip;]" />
<meta property="og:url" content="https://cac-cl.pt/pt/event/global-pharma-4th-edition/" />
<meta property="og:site_name" content="Centro Académico Clínico Católica Luz (CAC-CL)" />
<meta property="article:modified_time" content="2026-03-05T09:45:38+00:00" />
<meta property="og:image" content="https://cac-cl.pt/wp-content/uploads/2025/08/Comms_GP4_GenH_-37-002-1-1.png" />
	<meta property="og:image:width" content="2560" />
	<meta property="og:image:height" content="1446" />
	<meta property="og:image:type" content="image/png" />
<meta name="twitter:card" content="summary_large_image" />
<meta name="twitter:label1" content="Tempo estimado de leitura" />
	<meta name="twitter:data1" content="2 minutos" />
<script type="application/ld+json" class="yoast-schema-graph">{"@context":"https:\/\/schema.org","@graph":[{"@type":"WebPage","@id":"https:\/\/cac-cl.pt\/event\/global-pharma-4th-edition\/","url":"https:\/\/cac-cl.pt\/event\/global-pharma-4th-edition\/","name":"Global Pharma Executive Course | 4th Edition | Centro Académico Clínico Católica Luz (CAC-CL)","isPartOf":{"@id":"https:\/\/cac-cl.pt\/#website"},"primaryImageOfPage":{"@id":"https:\/\/cac-cl.pt\/event\/global-pharma-4th-edition\/#primaryimage"},"image":{"@id":"https:\/\/cac-cl.pt\/event\/global-pharma-4th-edition\/#primaryimage"},"thumbnailUrl":"https:\/\/cac-cl.pt\/wp-content\/uploads\/2025\/08\/Comms_GP4_GenH_-37-002-1-1.png","datePublished":"2025-08-08T10:15:18+00:00","dateModified":"2026-03-05T09:45:38+00:00","breadcrumb":{"@id":"https:\/\/cac-cl.pt\/event\/global-pharma-4th-edition\/#breadcrumb"},"inLanguage":"pt-PT","potentialAction":[{"@type":"ReadAction","target":["https:\/\/cac-cl.pt\/event\/global-pharma-4th-edition\/"]}]},{"@type":"ImageObject","inLanguage":"pt-PT","@id":"https:\/\/cac-cl.pt\/event\/global-pharma-4th-edition\/#primaryimage","url":"https:\/\/cac-cl.pt\/wp-content\/uploads\/2025\/08\/Comms_GP4_GenH_-37-002-1-1.png","contentUrl":"https:\/\/cac-cl.pt\/wp-content\/uploads\/2025\/08\/Comms_GP4_GenH_-37-002-1-1.png","width":2560,"height":1446},{"@type":"BreadcrumbList","@id":"https:\/\/cac-cl.pt\/event\/global-pharma-4th-edition\/#breadcrumb","itemListElement":[{"@type":"ListItem","position":1,"name":"Início","item":"https:\/\/cac-cl.pt\/"},{"@type":"ListItem","position":2,"name":"Global Pharma Executive Course | 4th Edition"}]},{"@type":"WebSite","@id":"https:\/\/cac-cl.pt\/#website","url":"https:\/\/cac-cl.pt\/","name":"Centro Académico Clínico Católica Luz (CAC-CL)","description":"Centro Académico Clínico Católica Luz","publisher":{"@id":"https:\/\/cac-cl.pt\/#organization"},"alternateName":"CAC-CL","potentialAction":[{"@type":"SearchAction","target":{"@type":"EntryPoint","urlTemplate":"https:\/\/cac-cl.pt\/?s={search_term_string}"},"query-input":{"@type":"PropertyValueSpecification","valueRequired":true,"valueName":"search_term_string"}}],"inLanguage":"pt-PT"},{"@type":"Organization","@id":"https:\/\/cac-cl.pt\/#organization","name":"Centro Académico Clínico Católica Luz (CAC-CL)","alternateName":"CAC-CL","url":"https:\/\/cac-cl.pt\/","logo":{"@type":"ImageObject","inLanguage":"pt-PT","@id":"https:\/\/cac-cl.pt\/#\/schema\/logo\/image\/","url":"https:\/\/cac-cl.pt\/wp-content\/uploads\/2024\/04\/cropped-CAC_Logotipo_Principal_Positivo-e1712844263631.png","contentUrl":"https:\/\/cac-cl.pt\/wp-content\/uploads\/2024\/04\/cropped-CAC_Logotipo_Principal_Positivo-e1712844263631.png","width":2249,"height":1409,"caption":"Centro Académico Clínico Católica Luz (CAC-CL)"},"image":{"@id":"https:\/\/cac-cl.pt\/#\/schema\/logo\/image\/"},"sameAs":["https:\/\/www.linkedin.com\/company\/caolica-luz-cac\/","https:\/\/www.instagram.com\/caccl.pt\/","https:\/\/pt.pinterest.com\/catolicaluz\/"]}]}</script>
<!-- / Yoast SEO plugin. -->

Global Pharma Executive Course | 4th Edition | Centro Académico Clínico Católica Luz (CAC-CL)

The fourth edition of the Global Pharma Executive Course is coming! Scheduled to start in March 2026, this executive course is designed to equip professionals with advanced knowledge in the ever-evolving pharmaceutical sector! Organized by GenH with the support of Católica Medical School, the Católica Luz Clinical Academic Centre, Hospital da Luz Learning Health and [&hellip;]

Centro Académico Clínico Católica Luz (CAC-CL)

Início

Centro Académico Clínico Católica Luz
