{"id":14768,"date":"2026-04-29T08:31:13","date_gmt":"2026-04-29T08:31:13","guid":{"rendered":"https:\/\/cac-cl.pt\/?post_type=event_listing&#038;p=14768"},"modified":"2026-04-29T08:34:06","modified_gmt":"2026-04-29T08:34:06","slug":"dia-do-tutor-de-mgf","status":"publish","type":"event_listing","link":"https:\/\/cac-cl.pt\/pt\/event\/dia-do-tutor-de-mgf\/","title":{"rendered":"General and Family Medicine Tutor Day"},"content":{"rendered":"<p class=\"has-text-align-center\"><strong>Prompt for the future: the human touch of General and Family Medicine in the age of AI<\/strong><\/p>\n\n\n\n<p>The integration of AI in medical education is transforming learning, but it also raises challenges to critical thinking and the development of autonomous clinical reasoning, among others. It is important to reflect on how to integrate AI into the teaching of General and Family Medicine in a critical and safe way, promoting the responsible use of these tools while strengthening fundamental clinical skills.<\/p>\n\n\n\n<p>Thus, it is with great pleasure that we invite you to the General and Family Medicine Tutor Day 2026, a joint initiative organized by the Department of General and Family Medicine at NOVA Medical School, the University Clinic of General and Family Medicine at FMUL, and the Primary Care Rotation of the Faculty of Medicine of the Portuguese Catholic University.<\/p>\n\n\n\n<p>This event arises from a desire to bring General and Family Medicine closer to Medical Schools. In addition to a program that will certainly be of interest to you, we aim to get to know all our tutors better, as well as the informal collaborators involved in General and Family Medicine placements and colleagues interested in future collaboration.<\/p>\n\n\n\n<p>\ud83d\udc49 <strong><strong>Register here:<\/strong><\/strong> <a href=\"https:\/\/fm.ucp.pt\/pt-pt\/dia-do-tutor-de-mgf-2026\">https:\/\/fm.ucp.pt\/pt-pt\/dia-do-tutor-de-mgf-2026<\/a><\/p>","protected":false},"featured_media":14769,"template":"","meta":{"_acf_changed":false,"inline_featured_image":false},"event_listing_category":[],"event_listing_type":[135],"class_list":["post-14768","event_listing","type-event_listing","status-publish","has-post-thumbnail","hentry","event_listing_type-event"],"acf":[],"yoast_head":"<!-- This site is optimized with the Yoast SEO plugin v27.5 - https:\/\/yoast.com\/product\/yoast-seo-wordpress\/ -->\n<title>General and Family Medicine Tutor Day | Centro Acad\u00e9mico Cl\u00ednico Cat\u00f3lica Luz (CAC-CL)<\/title>\n<meta name=\"robots\" content=\"index, follow, max-snippet:-1, max-image-preview:large, max-video-preview:-1\" \/>\n<link rel=\"canonical\" href=\"https:\/\/cac-cl.pt\/pt\/event\/dia-do-tutor-de-mgf\/\" \/>\n<meta property=\"og:locale\" content=\"pt_PT\" \/>\n<meta property=\"og:type\" content=\"article\" \/>\n<meta property=\"og:title\" content=\"General and Family Medicine Tutor Day | Centro Acad\u00e9mico Cl\u00ednico Cat\u00f3lica Luz (CAC-CL)\" \/>\n<meta property=\"og:description\" content=\"Prompt for the future: the human touch of General and Family Medicine in the age of AI The integration of AI in medical education is transforming learning, but it also raises challenges to critical thinking and the development of autonomous clinical reasoning, among others. It is important to reflect on how to integrate AI into [&hellip;]\" \/>\n<meta property=\"og:url\" content=\"https:\/\/cac-cl.pt\/pt\/event\/dia-do-tutor-de-mgf\/\" \/>\n<meta property=\"og:site_name\" content=\"Centro Acad\u00e9mico Cl\u00ednico Cat\u00f3lica Luz (CAC-CL)\" \/>\n<meta property=\"article:modified_time\" content=\"2026-04-29T08:34:06+00:00\" \/>\n<meta property=\"og:image\" content=\"https:\/\/cac-cl.pt\/wp-content\/uploads\/2026\/04\/dia-do-tutor-26-imagem-final_0.jpeg\" \/>\n\t<meta property=\"og:image:width\" content=\"763\" \/>\n\t<meta property=\"og:image:height\" content=\"430\" \/>\n\t<meta property=\"og:image:type\" content=\"image\/jpeg\" \/>\n<meta name=\"twitter:card\" content=\"summary_large_image\" \/>\n<meta name=\"twitter:label1\" content=\"Tempo estimado de leitura\" \/>\n\t<meta name=\"twitter:data1\" content=\"2 minutos\" \/>\n<script type=\"application\/ld+json\" class=\"yoast-schema-graph\">{\"@context\":\"https:\\\/\\\/schema.org\",\"@graph\":[{\"@type\":\"WebPage\",\"@id\":\"https:\\\/\\\/cac-cl.pt\\\/event\\\/dia-do-tutor-de-mgf\\\/\",\"url\":\"https:\\\/\\\/cac-cl.pt\\\/event\\\/dia-do-tutor-de-mgf\\\/\",\"name\":\"General and Family Medicine Tutor Day | Centro Acad\u00e9mico Cl\u00ednico Cat\u00f3lica Luz (CAC-CL)\",\"isPartOf\":{\"@id\":\"https:\\\/\\\/cac-cl.pt\\\/#website\"},\"primaryImageOfPage\":{\"@id\":\"https:\\\/\\\/cac-cl.pt\\\/event\\\/dia-do-tutor-de-mgf\\\/#primaryimage\"},\"image\":{\"@id\":\"https:\\\/\\\/cac-cl.pt\\\/event\\\/dia-do-tutor-de-mgf\\\/#primaryimage\"},\"thumbnailUrl\":\"https:\\\/\\\/cac-cl.pt\\\/wp-content\\\/uploads\\\/2026\\\/04\\\/dia-do-tutor-26-imagem-final_0.jpeg\",\"datePublished\":\"2026-04-29T08:31:13+00:00\",\"dateModified\":\"2026-04-29T08:34:06+00:00\",\"breadcrumb\":{\"@id\":\"https:\\\/\\\/cac-cl.pt\\\/event\\\/dia-do-tutor-de-mgf\\\/#breadcrumb\"},\"inLanguage\":\"pt-PT\",\"potentialAction\":[{\"@type\":\"ReadAction\",\"target\":[\"https:\\\/\\\/cac-cl.pt\\\/event\\\/dia-do-tutor-de-mgf\\\/\"]}]},{\"@type\":\"ImageObject\",\"inLanguage\":\"pt-PT\",\"@id\":\"https:\\\/\\\/cac-cl.pt\\\/event\\\/dia-do-tutor-de-mgf\\\/#primaryimage\",\"url\":\"https:\\\/\\\/cac-cl.pt\\\/wp-content\\\/uploads\\\/2026\\\/04\\\/dia-do-tutor-26-imagem-final_0.jpeg\",\"contentUrl\":\"https:\\\/\\\/cac-cl.pt\\\/wp-content\\\/uploads\\\/2026\\\/04\\\/dia-do-tutor-26-imagem-final_0.jpeg\",\"width\":763,\"height\":430},{\"@type\":\"BreadcrumbList\",\"@id\":\"https:\\\/\\\/cac-cl.pt\\\/event\\\/dia-do-tutor-de-mgf\\\/#breadcrumb\",\"itemListElement\":[{\"@type\":\"ListItem\",\"position\":1,\"name\":\"In\u00edcio\",\"item\":\"https:\\\/\\\/cac-cl.pt\\\/\"},{\"@type\":\"ListItem\",\"position\":2,\"name\":\"General and Family Medicine Tutor Day\"}]},{\"@type\":\"WebSite\",\"@id\":\"https:\\\/\\\/cac-cl.pt\\\/#website\",\"url\":\"https:\\\/\\\/cac-cl.pt\\\/\",\"name\":\"Centro Acad\u00e9mico Cl\u00ednico Cat\u00f3lica Luz (CAC-CL)\",\"description\":\"Centro Acad\u00e9mico Cl\u00ednico Cat\u00f3lica Luz\",\"publisher\":{\"@id\":\"https:\\\/\\\/cac-cl.pt\\\/#organization\"},\"alternateName\":\"CAC-CL\",\"potentialAction\":[{\"@type\":\"SearchAction\",\"target\":{\"@type\":\"EntryPoint\",\"urlTemplate\":\"https:\\\/\\\/cac-cl.pt\\\/?s={search_term_string}\"},\"query-input\":{\"@type\":\"PropertyValueSpecification\",\"valueRequired\":true,\"valueName\":\"search_term_string\"}}],\"inLanguage\":\"pt-PT\"},{\"@type\":\"Organization\",\"@id\":\"https:\\\/\\\/cac-cl.pt\\\/#organization\",\"name\":\"Centro Acad\u00e9mico Cl\u00ednico Cat\u00f3lica Luz (CAC-CL)\",\"alternateName\":\"CAC-CL\",\"url\":\"https:\\\/\\\/cac-cl.pt\\\/\",\"logo\":{\"@type\":\"ImageObject\",\"inLanguage\":\"pt-PT\",\"@id\":\"https:\\\/\\\/cac-cl.pt\\\/#\\\/schema\\\/logo\\\/image\\\/\",\"url\":\"https:\\\/\\\/cac-cl.pt\\\/wp-content\\\/uploads\\\/2024\\\/04\\\/cropped-CAC_Logotipo_Principal_Positivo-e1712844263631.png\",\"contentUrl\":\"https:\\\/\\\/cac-cl.pt\\\/wp-content\\\/uploads\\\/2024\\\/04\\\/cropped-CAC_Logotipo_Principal_Positivo-e1712844263631.png\",\"width\":2249,\"height\":1409,\"caption\":\"Centro Acad\u00e9mico Cl\u00ednico Cat\u00f3lica Luz (CAC-CL)\"},\"image\":{\"@id\":\"https:\\\/\\\/cac-cl.pt\\\/#\\\/schema\\\/logo\\\/image\\\/\"},\"sameAs\":[\"https:\\\/\\\/www.linkedin.com\\\/company\\\/caolica-luz-cac\\\/\",\"https:\\\/\\\/www.instagram.com\\\/caccl.pt\\\/\",\"https:\\\/\\\/pt.pinterest.com\\\/catolicaluz\\\/\"]}]}<\/script>\n<!-- \/ Yoast SEO plugin. -->","yoast_head_json":{"title":"General and Family Medicine Tutor Day | Centro Acad\u00e9mico Cl\u00ednico Cat\u00f3lica Luz (CAC-CL)","robots":{"index":"index","follow":"follow","max-snippet":"max-snippet:-1","max-image-preview":"max-image-preview:large","max-video-preview":"max-video-preview:-1"},"canonical":"https:\/\/cac-cl.pt\/pt\/event\/dia-do-tutor-de-mgf\/","og_locale":"pt_PT","og_type":"article","og_title":"General and Family Medicine Tutor Day | Centro Acad\u00e9mico Cl\u00ednico Cat\u00f3lica Luz (CAC-CL)","og_description":"Prompt for the future: the human touch of General and Family Medicine in the age of AI The integration of AI in medical education is transforming learning, but it also raises challenges to critical thinking and the development of autonomous clinical reasoning, among others. It is important to reflect on how to integrate AI into [&hellip;]","og_url":"https:\/\/cac-cl.pt\/pt\/event\/dia-do-tutor-de-mgf\/","og_site_name":"Centro Acad\u00e9mico Cl\u00ednico Cat\u00f3lica Luz (CAC-CL)","article_modified_time":"2026-04-29T08:34:06+00:00","og_image":[{"width":763,"height":430,"url":"https:\/\/cac-cl.pt\/wp-content\/uploads\/2026\/04\/dia-do-tutor-26-imagem-final_0.jpeg","type":"image\/jpeg"}],"twitter_card":"summary_large_image","twitter_misc":{"Tempo estimado de leitura":"2 minutos"},"schema":{"@context":"https:\/\/schema.org","@graph":[{"@type":"WebPage","@id":"https:\/\/cac-cl.pt\/event\/dia-do-tutor-de-mgf\/","url":"https:\/\/cac-cl.pt\/event\/dia-do-tutor-de-mgf\/","name":"General and Family Medicine Tutor Day | Centro Acad\u00e9mico Cl\u00ednico Cat\u00f3lica Luz (CAC-CL)","isPartOf":{"@id":"https:\/\/cac-cl.pt\/#website"},"primaryImageOfPage":{"@id":"https:\/\/cac-cl.pt\/event\/dia-do-tutor-de-mgf\/#primaryimage"},"image":{"@id":"https:\/\/cac-cl.pt\/event\/dia-do-tutor-de-mgf\/#primaryimage"},"thumbnailUrl":"https:\/\/cac-cl.pt\/wp-content\/uploads\/2026\/04\/dia-do-tutor-26-imagem-final_0.jpeg","datePublished":"2026-04-29T08:31:13+00:00","dateModified":"2026-04-29T08:34:06+00:00","breadcrumb":{"@id":"https:\/\/cac-cl.pt\/event\/dia-do-tutor-de-mgf\/#breadcrumb"},"inLanguage":"pt-PT","potentialAction":[{"@type":"ReadAction","target":["https:\/\/cac-cl.pt\/event\/dia-do-tutor-de-mgf\/"]}]},{"@type":"ImageObject","inLanguage":"pt-PT","@id":"https:\/\/cac-cl.pt\/event\/dia-do-tutor-de-mgf\/#primaryimage","url":"https:\/\/cac-cl.pt\/wp-content\/uploads\/2026\/04\/dia-do-tutor-26-imagem-final_0.jpeg","contentUrl":"https:\/\/cac-cl.pt\/wp-content\/uploads\/2026\/04\/dia-do-tutor-26-imagem-final_0.jpeg","width":763,"height":430},{"@type":"BreadcrumbList","@id":"https:\/\/cac-cl.pt\/event\/dia-do-tutor-de-mgf\/#breadcrumb","itemListElement":[{"@type":"ListItem","position":1,"name":"In\u00edcio","item":"https:\/\/cac-cl.pt\/"},{"@type":"ListItem","position":2,"name":"General and Family Medicine Tutor Day"}]},{"@type":"WebSite","@id":"https:\/\/cac-cl.pt\/#website","url":"https:\/\/cac-cl.pt\/","name":"Centro Acad\u00e9mico Cl\u00ednico Cat\u00f3lica Luz (CAC-CL)","description":"Centro Acad\u00e9mico Cl\u00ednico Cat\u00f3lica Luz","publisher":{"@id":"https:\/\/cac-cl.pt\/#organization"},"alternateName":"CAC-CL","potentialAction":[{"@type":"SearchAction","target":{"@type":"EntryPoint","urlTemplate":"https:\/\/cac-cl.pt\/?s={search_term_string}"},"query-input":{"@type":"PropertyValueSpecification","valueRequired":true,"valueName":"search_term_string"}}],"inLanguage":"pt-PT"},{"@type":"Organization","@id":"https:\/\/cac-cl.pt\/#organization","name":"Centro Acad\u00e9mico Cl\u00ednico Cat\u00f3lica Luz (CAC-CL)","alternateName":"CAC-CL","url":"https:\/\/cac-cl.pt\/","logo":{"@type":"ImageObject","inLanguage":"pt-PT","@id":"https:\/\/cac-cl.pt\/#\/schema\/logo\/image\/","url":"https:\/\/cac-cl.pt\/wp-content\/uploads\/2024\/04\/cropped-CAC_Logotipo_Principal_Positivo-e1712844263631.png","contentUrl":"https:\/\/cac-cl.pt\/wp-content\/uploads\/2024\/04\/cropped-CAC_Logotipo_Principal_Positivo-e1712844263631.png","width":2249,"height":1409,"caption":"Centro Acad\u00e9mico Cl\u00ednico Cat\u00f3lica Luz (CAC-CL)"},"image":{"@id":"https:\/\/cac-cl.pt\/#\/schema\/logo\/image\/"},"sameAs":["https:\/\/www.linkedin.com\/company\/caolica-luz-cac\/","https:\/\/www.instagram.com\/caccl.pt\/","https:\/\/pt.pinterest.com\/catolicaluz\/"]}]}},"_links":{"self":[{"href":"https:\/\/cac-cl.pt\/pt\/wp-json\/wp\/v2\/event_listing\/14768","targetHints":{"allow":["GET"]}}],"collection":[{"href":"https:\/\/cac-cl.pt\/pt\/wp-json\/wp\/v2\/event_listing"}],"about":[{"href":"https:\/\/cac-cl.pt\/pt\/wp-json\/wp\/v2\/types\/event_listing"}],"wp:featuredmedia":[{"embeddable":true,"href":"https:\/\/cac-cl.pt\/pt\/wp-json\/wp\/v2\/media\/14769"}],"wp:attachment":[{"href":"https:\/\/cac-cl.pt\/pt\/wp-json\/wp\/v2\/media?parent=14768"}],"wp:term":[{"taxonomy":"event_listing_category","embeddable":true,"href":"https:\/\/cac-cl.pt\/pt\/wp-json\/wp\/v2\/event_listing_category?post=14768"},{"taxonomy":"event_listing_type","embeddable":true,"href":"https:\/\/cac-cl.pt\/pt\/wp-json\/wp\/v2\/event_listing_type?post=14768"}],"curies":[{"name":"wp","href":"https:\/\/api.w.org\/{rel}","templated":true}]}}

<!-- This site is optimized with the Yoast SEO plugin v27.5 - https://yoast.com/product/yoast-seo-wordpress/ -->
<title>General and Family Medicine Tutor Day | Centro Académico Clínico Católica Luz (CAC-CL)</title>
<meta name="robots" content="index, follow, max-snippet:-1, max-image-preview:large, max-video-preview:-1" />
<link rel="canonical" href="https://cac-cl.pt/pt/event/dia-do-tutor-de-mgf/" />
<meta property="og:locale" content="pt_PT" />
<meta property="og:type" content="article" />
<meta property="og:title" content="General and Family Medicine Tutor Day | Centro Académico Clínico Católica Luz (CAC-CL)" />
<meta property="og:description" content="Prompt for the future: the human touch of General and Family Medicine in the age of AI The integration of AI in medical education is transforming learning, but it also raises challenges to critical thinking and the development of autonomous clinical reasoning, among others. It is important to reflect on how to integrate AI into [&hellip;]" />
<meta property="og:url" content="https://cac-cl.pt/pt/event/dia-do-tutor-de-mgf/" />
<meta property="og:site_name" content="Centro Académico Clínico Católica Luz (CAC-CL)" />
<meta property="article:modified_time" content="2026-04-29T08:34:06+00:00" />
<meta property="og:image" content="https://cac-cl.pt/wp-content/uploads/2026/04/dia-do-tutor-26-imagem-final_0.jpeg" />
	<meta property="og:image:width" content="763" />
	<meta property="og:image:height" content="430" />
	<meta property="og:image:type" content="image/jpeg" />
<meta name="twitter:card" content="summary_large_image" />
<meta name="twitter:label1" content="Tempo estimado de leitura" />
	<meta name="twitter:data1" content="2 minutos" />
<script type="application/ld+json" class="yoast-schema-graph">{"@context":"https:\/\/schema.org","@graph":[{"@type":"WebPage","@id":"https:\/\/cac-cl.pt\/event\/dia-do-tutor-de-mgf\/","url":"https:\/\/cac-cl.pt\/event\/dia-do-tutor-de-mgf\/","name":"General and Family Medicine Tutor Day | Centro Académico Clínico Católica Luz (CAC-CL)","isPartOf":{"@id":"https:\/\/cac-cl.pt\/#website"},"primaryImageOfPage":{"@id":"https:\/\/cac-cl.pt\/event\/dia-do-tutor-de-mgf\/#primaryimage"},"image":{"@id":"https:\/\/cac-cl.pt\/event\/dia-do-tutor-de-mgf\/#primaryimage"},"thumbnailUrl":"https:\/\/cac-cl.pt\/wp-content\/uploads\/2026\/04\/dia-do-tutor-26-imagem-final_0.jpeg","datePublished":"2026-04-29T08:31:13+00:00","dateModified":"2026-04-29T08:34:06+00:00","breadcrumb":{"@id":"https:\/\/cac-cl.pt\/event\/dia-do-tutor-de-mgf\/#breadcrumb"},"inLanguage":"pt-PT","potentialAction":[{"@type":"ReadAction","target":["https:\/\/cac-cl.pt\/event\/dia-do-tutor-de-mgf\/"]}]},{"@type":"ImageObject","inLanguage":"pt-PT","@id":"https:\/\/cac-cl.pt\/event\/dia-do-tutor-de-mgf\/#primaryimage","url":"https:\/\/cac-cl.pt\/wp-content\/uploads\/2026\/04\/dia-do-tutor-26-imagem-final_0.jpeg","contentUrl":"https:\/\/cac-cl.pt\/wp-content\/uploads\/2026\/04\/dia-do-tutor-26-imagem-final_0.jpeg","width":763,"height":430},{"@type":"BreadcrumbList","@id":"https:\/\/cac-cl.pt\/event\/dia-do-tutor-de-mgf\/#breadcrumb","itemListElement":[{"@type":"ListItem","position":1,"name":"Início","item":"https:\/\/cac-cl.pt\/"},{"@type":"ListItem","position":2,"name":"General and Family Medicine Tutor Day"}]},{"@type":"WebSite","@id":"https:\/\/cac-cl.pt\/#website","url":"https:\/\/cac-cl.pt\/","name":"Centro Académico Clínico Católica Luz (CAC-CL)","description":"Centro Académico Clínico Católica Luz","publisher":{"@id":"https:\/\/cac-cl.pt\/#organization"},"alternateName":"CAC-CL","potentialAction":[{"@type":"SearchAction","target":{"@type":"EntryPoint","urlTemplate":"https:\/\/cac-cl.pt\/?s={search_term_string}"},"query-input":{"@type":"PropertyValueSpecification","valueRequired":true,"valueName":"search_term_string"}}],"inLanguage":"pt-PT"},{"@type":"Organization","@id":"https:\/\/cac-cl.pt\/#organization","name":"Centro Académico Clínico Católica Luz (CAC-CL)","alternateName":"CAC-CL","url":"https:\/\/cac-cl.pt\/","logo":{"@type":"ImageObject","inLanguage":"pt-PT","@id":"https:\/\/cac-cl.pt\/#\/schema\/logo\/image\/","url":"https:\/\/cac-cl.pt\/wp-content\/uploads\/2024\/04\/cropped-CAC_Logotipo_Principal_Positivo-e1712844263631.png","contentUrl":"https:\/\/cac-cl.pt\/wp-content\/uploads\/2024\/04\/cropped-CAC_Logotipo_Principal_Positivo-e1712844263631.png","width":2249,"height":1409,"caption":"Centro Académico Clínico Católica Luz (CAC-CL)"},"image":{"@id":"https:\/\/cac-cl.pt\/#\/schema\/logo\/image\/"},"sameAs":["https:\/\/www.linkedin.com\/company\/caolica-luz-cac\/","https:\/\/www.instagram.com\/caccl.pt\/","https:\/\/pt.pinterest.com\/catolicaluz\/"]}]}</script>
<!-- / Yoast SEO plugin. -->

General and Family Medicine Tutor Day | Centro Académico Clínico Católica Luz (CAC-CL)

Centro Académico Clínico Católica Luz (CAC-CL)

Início

Centro Académico Clínico Católica Luz
