{"id":14776,"date":"2026-04-29T08:53:28","date_gmt":"2026-04-29T08:53:28","guid":{"rendered":"https:\/\/cac-cl.pt\/?post_type=event_listing&#038;p=14776"},"modified":"2026-04-29T08:53:29","modified_gmt":"2026-04-29T08:53:29","slug":"hospital-da-luz-research-congress-5th-edition","status":"publish","type":"event_listing","link":"https:\/\/cac-cl.pt\/pt\/event\/hospital-da-luz-research-congress-5th-edition\/","title":{"rendered":"Hospital da Luz Research Congress | 5th Edition"},"content":{"rendered":"<p>The 5th edition of the Hospital da Luz Research Congress aims to promote the integration of digital information, molecular biology, and human experience, reinforcing its commitment to science applied to clinical practice. This year, under the theme <strong>\u201c<em>Bits, Molecules and Humans,\u201d<\/em><\/strong> the congress will highlight how this combination can have a real impact on healthcare.<\/p>\n\n\n\n<p>Following the tradition of previous editions, the congress provides a space for sharing and reflection, offering the opportunity to learn about research projects developed at Hospital da Luz and at the Cat\u00f3lica-Luz Clinical Academic Centre, to foster the exchange of new ideas, and to encourage collaboration among participants.<\/p>\n\n\n\n<p>This edition seeks to showcase innovation and knowledge, strengthening the link between research and healthcare, while keeping the patient at the center of all decisions. It is a meeting point for those who aim to transform science into real patient care.<\/p>\n\n\n\n<p><\/p>\n\n\n\n<div data-wp-interactive=\"core\/file\" class=\"wp-block-file\"><object data-wp-bind--hidden=\"!state.hasPdfPreview\" hidden class=\"wp-block-file__embed\" data=\"https:\/\/cac-cl.pt\/wp-content\/uploads\/2026\/04\/ProgHLUZ-ResearchCong5Edi17Prova.pdf\" type=\"application\/pdf\" style=\"width:100%;height:600px\" aria-label=\"Incorpora\u00e7\u00e3o de Programe - Hospital da Luz Research Congress.\"><\/object><a id=\"wp-block-file--media-3c5db443-95c3-40df-a2e6-b3cc10c84d50\" href=\"https:\/\/cac-cl.pt\/wp-content\/uploads\/2026\/04\/ProgHLUZ-ResearchCong5Edi17Prova.pdf\">Programe &#8211; Hospital da Luz Research Congress<\/a><a href=\"https:\/\/cac-cl.pt\/wp-content\/uploads\/2026\/04\/ProgHLUZ-ResearchCong5Edi17Prova.pdf\" class=\"wp-block-file__button wp-element-button\" download aria-describedby=\"wp-block-file--media-3c5db443-95c3-40df-a2e6-b3cc10c84d50\">Descarregar<\/a><\/div>","protected":false},"featured_media":14777,"template":"","meta":{"_acf_changed":false,"inline_featured_image":false},"event_listing_category":[],"event_listing_type":[135],"class_list":["post-14776","event_listing","type-event_listing","status-publish","has-post-thumbnail","hentry","event_listing_type-event"],"acf":[],"yoast_head":"<!-- This site is optimized with the Yoast SEO plugin v27.5 - https:\/\/yoast.com\/product\/yoast-seo-wordpress\/ -->\n<title>Hospital da Luz Research Congress | 5th Edition | Centro Acad\u00e9mico Cl\u00ednico Cat\u00f3lica Luz (CAC-CL)<\/title>\n<meta name=\"robots\" content=\"index, follow, max-snippet:-1, max-image-preview:large, max-video-preview:-1\" \/>\n<link rel=\"canonical\" href=\"https:\/\/cac-cl.pt\/pt\/event\/hospital-da-luz-research-congress-5th-edition\/\" \/>\n<meta property=\"og:locale\" content=\"pt_PT\" \/>\n<meta property=\"og:type\" content=\"article\" \/>\n<meta property=\"og:title\" content=\"Hospital da Luz Research Congress | 5th Edition | Centro Acad\u00e9mico Cl\u00ednico Cat\u00f3lica Luz (CAC-CL)\" \/>\n<meta property=\"og:description\" content=\"The 5th edition of the Hospital da Luz Research Congress aims to promote the integration of digital information, molecular biology, and human experience, reinforcing its commitment to science applied to clinical practice. This year, under the theme \u201cBits, Molecules and Humans,\u201d the congress will highlight how this combination can have a real impact on healthcare. [&hellip;]\" \/>\n<meta property=\"og:url\" content=\"https:\/\/cac-cl.pt\/pt\/event\/hospital-da-luz-research-congress-5th-edition\/\" \/>\n<meta property=\"og:site_name\" content=\"Centro Acad\u00e9mico Cl\u00ednico Cat\u00f3lica Luz (CAC-CL)\" \/>\n<meta property=\"article:modified_time\" content=\"2026-04-29T08:53:29+00:00\" \/>\n<meta property=\"og:image\" content=\"https:\/\/cac-cl.pt\/wp-content\/uploads\/2026\/04\/ResearchCong_5Edi.jpg\" \/>\n\t<meta property=\"og:image:width\" content=\"665\" \/>\n\t<meta property=\"og:image:height\" content=\"350\" \/>\n\t<meta property=\"og:image:type\" content=\"image\/jpeg\" \/>\n<meta name=\"twitter:card\" content=\"summary_large_image\" \/>\n<meta name=\"twitter:label1\" content=\"Tempo estimado de leitura\" \/>\n\t<meta name=\"twitter:data1\" content=\"2 minutos\" \/>\n<script type=\"application\/ld+json\" class=\"yoast-schema-graph\">{\"@context\":\"https:\\\/\\\/schema.org\",\"@graph\":[{\"@type\":\"WebPage\",\"@id\":\"https:\\\/\\\/cac-cl.pt\\\/event\\\/hospital-da-luz-research-congress-5th-edition\\\/\",\"url\":\"https:\\\/\\\/cac-cl.pt\\\/event\\\/hospital-da-luz-research-congress-5th-edition\\\/\",\"name\":\"Hospital da Luz Research Congress | 5th Edition | Centro Acad\u00e9mico Cl\u00ednico Cat\u00f3lica Luz (CAC-CL)\",\"isPartOf\":{\"@id\":\"https:\\\/\\\/cac-cl.pt\\\/#website\"},\"primaryImageOfPage\":{\"@id\":\"https:\\\/\\\/cac-cl.pt\\\/event\\\/hospital-da-luz-research-congress-5th-edition\\\/#primaryimage\"},\"image\":{\"@id\":\"https:\\\/\\\/cac-cl.pt\\\/event\\\/hospital-da-luz-research-congress-5th-edition\\\/#primaryimage\"},\"thumbnailUrl\":\"https:\\\/\\\/cac-cl.pt\\\/wp-content\\\/uploads\\\/2026\\\/04\\\/ResearchCong_5Edi.jpg\",\"datePublished\":\"2026-04-29T08:53:28+00:00\",\"dateModified\":\"2026-04-29T08:53:29+00:00\",\"breadcrumb\":{\"@id\":\"https:\\\/\\\/cac-cl.pt\\\/event\\\/hospital-da-luz-research-congress-5th-edition\\\/#breadcrumb\"},\"inLanguage\":\"pt-PT\",\"potentialAction\":[{\"@type\":\"ReadAction\",\"target\":[\"https:\\\/\\\/cac-cl.pt\\\/event\\\/hospital-da-luz-research-congress-5th-edition\\\/\"]}]},{\"@type\":\"ImageObject\",\"inLanguage\":\"pt-PT\",\"@id\":\"https:\\\/\\\/cac-cl.pt\\\/event\\\/hospital-da-luz-research-congress-5th-edition\\\/#primaryimage\",\"url\":\"https:\\\/\\\/cac-cl.pt\\\/wp-content\\\/uploads\\\/2026\\\/04\\\/ResearchCong_5Edi.jpg\",\"contentUrl\":\"https:\\\/\\\/cac-cl.pt\\\/wp-content\\\/uploads\\\/2026\\\/04\\\/ResearchCong_5Edi.jpg\",\"width\":665,\"height\":350},{\"@type\":\"BreadcrumbList\",\"@id\":\"https:\\\/\\\/cac-cl.pt\\\/event\\\/hospital-da-luz-research-congress-5th-edition\\\/#breadcrumb\",\"itemListElement\":[{\"@type\":\"ListItem\",\"position\":1,\"name\":\"In\u00edcio\",\"item\":\"https:\\\/\\\/cac-cl.pt\\\/\"},{\"@type\":\"ListItem\",\"position\":2,\"name\":\"Hospital da Luz Research Congress | 5th Edition\"}]},{\"@type\":\"WebSite\",\"@id\":\"https:\\\/\\\/cac-cl.pt\\\/#website\",\"url\":\"https:\\\/\\\/cac-cl.pt\\\/\",\"name\":\"Centro Acad\u00e9mico Cl\u00ednico Cat\u00f3lica Luz (CAC-CL)\",\"description\":\"Centro Acad\u00e9mico Cl\u00ednico Cat\u00f3lica Luz\",\"publisher\":{\"@id\":\"https:\\\/\\\/cac-cl.pt\\\/#organization\"},\"alternateName\":\"CAC-CL\",\"potentialAction\":[{\"@type\":\"SearchAction\",\"target\":{\"@type\":\"EntryPoint\",\"urlTemplate\":\"https:\\\/\\\/cac-cl.pt\\\/?s={search_term_string}\"},\"query-input\":{\"@type\":\"PropertyValueSpecification\",\"valueRequired\":true,\"valueName\":\"search_term_string\"}}],\"inLanguage\":\"pt-PT\"},{\"@type\":\"Organization\",\"@id\":\"https:\\\/\\\/cac-cl.pt\\\/#organization\",\"name\":\"Centro Acad\u00e9mico Cl\u00ednico Cat\u00f3lica Luz (CAC-CL)\",\"alternateName\":\"CAC-CL\",\"url\":\"https:\\\/\\\/cac-cl.pt\\\/\",\"logo\":{\"@type\":\"ImageObject\",\"inLanguage\":\"pt-PT\",\"@id\":\"https:\\\/\\\/cac-cl.pt\\\/#\\\/schema\\\/logo\\\/image\\\/\",\"url\":\"https:\\\/\\\/cac-cl.pt\\\/wp-content\\\/uploads\\\/2024\\\/04\\\/cropped-CAC_Logotipo_Principal_Positivo-e1712844263631.png\",\"contentUrl\":\"https:\\\/\\\/cac-cl.pt\\\/wp-content\\\/uploads\\\/2024\\\/04\\\/cropped-CAC_Logotipo_Principal_Positivo-e1712844263631.png\",\"width\":2249,\"height\":1409,\"caption\":\"Centro Acad\u00e9mico Cl\u00ednico Cat\u00f3lica Luz (CAC-CL)\"},\"image\":{\"@id\":\"https:\\\/\\\/cac-cl.pt\\\/#\\\/schema\\\/logo\\\/image\\\/\"},\"sameAs\":[\"https:\\\/\\\/www.linkedin.com\\\/company\\\/caolica-luz-cac\\\/\",\"https:\\\/\\\/www.instagram.com\\\/caccl.pt\\\/\",\"https:\\\/\\\/pt.pinterest.com\\\/catolicaluz\\\/\"]}]}<\/script>\n<!-- \/ Yoast SEO plugin. -->","yoast_head_json":{"title":"Hospital da Luz Research Congress | 5th Edition | Centro Acad\u00e9mico Cl\u00ednico Cat\u00f3lica Luz (CAC-CL)","robots":{"index":"index","follow":"follow","max-snippet":"max-snippet:-1","max-image-preview":"max-image-preview:large","max-video-preview":"max-video-preview:-1"},"canonical":"https:\/\/cac-cl.pt\/pt\/event\/hospital-da-luz-research-congress-5th-edition\/","og_locale":"pt_PT","og_type":"article","og_title":"Hospital da Luz Research Congress | 5th Edition | Centro Acad\u00e9mico Cl\u00ednico Cat\u00f3lica Luz (CAC-CL)","og_description":"The 5th edition of the Hospital da Luz Research Congress aims to promote the integration of digital information, molecular biology, and human experience, reinforcing its commitment to science applied to clinical practice. This year, under the theme \u201cBits, Molecules and Humans,\u201d the congress will highlight how this combination can have a real impact on healthcare. [&hellip;]","og_url":"https:\/\/cac-cl.pt\/pt\/event\/hospital-da-luz-research-congress-5th-edition\/","og_site_name":"Centro Acad\u00e9mico Cl\u00ednico Cat\u00f3lica Luz (CAC-CL)","article_modified_time":"2026-04-29T08:53:29+00:00","og_image":[{"width":665,"height":350,"url":"https:\/\/cac-cl.pt\/wp-content\/uploads\/2026\/04\/ResearchCong_5Edi.jpg","type":"image\/jpeg"}],"twitter_card":"summary_large_image","twitter_misc":{"Tempo estimado de leitura":"2 minutos"},"schema":{"@context":"https:\/\/schema.org","@graph":[{"@type":"WebPage","@id":"https:\/\/cac-cl.pt\/event\/hospital-da-luz-research-congress-5th-edition\/","url":"https:\/\/cac-cl.pt\/event\/hospital-da-luz-research-congress-5th-edition\/","name":"Hospital da Luz Research Congress | 5th Edition | Centro Acad\u00e9mico Cl\u00ednico Cat\u00f3lica Luz (CAC-CL)","isPartOf":{"@id":"https:\/\/cac-cl.pt\/#website"},"primaryImageOfPage":{"@id":"https:\/\/cac-cl.pt\/event\/hospital-da-luz-research-congress-5th-edition\/#primaryimage"},"image":{"@id":"https:\/\/cac-cl.pt\/event\/hospital-da-luz-research-congress-5th-edition\/#primaryimage"},"thumbnailUrl":"https:\/\/cac-cl.pt\/wp-content\/uploads\/2026\/04\/ResearchCong_5Edi.jpg","datePublished":"2026-04-29T08:53:28+00:00","dateModified":"2026-04-29T08:53:29+00:00","breadcrumb":{"@id":"https:\/\/cac-cl.pt\/event\/hospital-da-luz-research-congress-5th-edition\/#breadcrumb"},"inLanguage":"pt-PT","potentialAction":[{"@type":"ReadAction","target":["https:\/\/cac-cl.pt\/event\/hospital-da-luz-research-congress-5th-edition\/"]}]},{"@type":"ImageObject","inLanguage":"pt-PT","@id":"https:\/\/cac-cl.pt\/event\/hospital-da-luz-research-congress-5th-edition\/#primaryimage","url":"https:\/\/cac-cl.pt\/wp-content\/uploads\/2026\/04\/ResearchCong_5Edi.jpg","contentUrl":"https:\/\/cac-cl.pt\/wp-content\/uploads\/2026\/04\/ResearchCong_5Edi.jpg","width":665,"height":350},{"@type":"BreadcrumbList","@id":"https:\/\/cac-cl.pt\/event\/hospital-da-luz-research-congress-5th-edition\/#breadcrumb","itemListElement":[{"@type":"ListItem","position":1,"name":"In\u00edcio","item":"https:\/\/cac-cl.pt\/"},{"@type":"ListItem","position":2,"name":"Hospital da Luz Research Congress | 5th Edition"}]},{"@type":"WebSite","@id":"https:\/\/cac-cl.pt\/#website","url":"https:\/\/cac-cl.pt\/","name":"Centro Acad\u00e9mico Cl\u00ednico Cat\u00f3lica Luz (CAC-CL)","description":"Centro Acad\u00e9mico Cl\u00ednico Cat\u00f3lica Luz","publisher":{"@id":"https:\/\/cac-cl.pt\/#organization"},"alternateName":"CAC-CL","potentialAction":[{"@type":"SearchAction","target":{"@type":"EntryPoint","urlTemplate":"https:\/\/cac-cl.pt\/?s={search_term_string}"},"query-input":{"@type":"PropertyValueSpecification","valueRequired":true,"valueName":"search_term_string"}}],"inLanguage":"pt-PT"},{"@type":"Organization","@id":"https:\/\/cac-cl.pt\/#organization","name":"Centro Acad\u00e9mico Cl\u00ednico Cat\u00f3lica Luz (CAC-CL)","alternateName":"CAC-CL","url":"https:\/\/cac-cl.pt\/","logo":{"@type":"ImageObject","inLanguage":"pt-PT","@id":"https:\/\/cac-cl.pt\/#\/schema\/logo\/image\/","url":"https:\/\/cac-cl.pt\/wp-content\/uploads\/2024\/04\/cropped-CAC_Logotipo_Principal_Positivo-e1712844263631.png","contentUrl":"https:\/\/cac-cl.pt\/wp-content\/uploads\/2024\/04\/cropped-CAC_Logotipo_Principal_Positivo-e1712844263631.png","width":2249,"height":1409,"caption":"Centro Acad\u00e9mico Cl\u00ednico Cat\u00f3lica Luz (CAC-CL)"},"image":{"@id":"https:\/\/cac-cl.pt\/#\/schema\/logo\/image\/"},"sameAs":["https:\/\/www.linkedin.com\/company\/caolica-luz-cac\/","https:\/\/www.instagram.com\/caccl.pt\/","https:\/\/pt.pinterest.com\/catolicaluz\/"]}]}},"_links":{"self":[{"href":"https:\/\/cac-cl.pt\/pt\/wp-json\/wp\/v2\/event_listing\/14776","targetHints":{"allow":["GET"]}}],"collection":[{"href":"https:\/\/cac-cl.pt\/pt\/wp-json\/wp\/v2\/event_listing"}],"about":[{"href":"https:\/\/cac-cl.pt\/pt\/wp-json\/wp\/v2\/types\/event_listing"}],"wp:featuredmedia":[{"embeddable":true,"href":"https:\/\/cac-cl.pt\/pt\/wp-json\/wp\/v2\/media\/14777"}],"wp:attachment":[{"href":"https:\/\/cac-cl.pt\/pt\/wp-json\/wp\/v2\/media?parent=14776"}],"wp:term":[{"taxonomy":"event_listing_category","embeddable":true,"href":"https:\/\/cac-cl.pt\/pt\/wp-json\/wp\/v2\/event_listing_category?post=14776"},{"taxonomy":"event_listing_type","embeddable":true,"href":"https:\/\/cac-cl.pt\/pt\/wp-json\/wp\/v2\/event_listing_type?post=14776"}],"curies":[{"name":"wp","href":"https:\/\/api.w.org\/{rel}","templated":true}]}}

<p>The 5th edition of the Hospital da Luz Research Congress aims to promote the integration of digital information, molecular biology, and human experience, reinforcing its commitment to science applied to clinical practice. This year, under the theme <strong>“<em>Bits, Molecules and Humans,”</em></strong> the congress will highlight how this combination can have a real impact on healthcare.</p>



<p>Following the tradition of previous editions, the congress provides a space for sharing and reflection, offering the opportunity to learn about research projects developed at Hospital da Luz and at the Católica-Luz Clinical Academic Centre, to foster the exchange of new ideas, and to encourage collaboration among participants.</p>



<p>This edition seeks to showcase innovation and knowledge, strengthening the link between research and healthcare, while keeping the patient at the center of all decisions. It is a meeting point for those who aim to transform science into real patient care.</p>



<p></p>



<div data-wp-interactive="core/file" class="wp-block-file"><object data-wp-bind--hidden="!state.hasPdfPreview" hidden class="wp-block-file__embed" data="https://cac-cl.pt/wp-content/uploads/2026/04/ProgHLUZ-ResearchCong5Edi17Prova.pdf" type="application/pdf" style="width:100%;height:600px" aria-label="Incorporação de Programe - Hospital da Luz Research Congress."></object><a id="wp-block-file--media-3c5db443-95c3-40df-a2e6-b3cc10c84d50" href="https://cac-cl.pt/wp-content/uploads/2026/04/ProgHLUZ-ResearchCong5Edi17Prova.pdf">Programe &#8211; Hospital da Luz Research Congress</a><a href="https://cac-cl.pt/wp-content/uploads/2026/04/ProgHLUZ-ResearchCong5Edi17Prova.pdf" class="wp-block-file__button wp-element-button" download aria-describedby="wp-block-file--media-3c5db443-95c3-40df-a2e6-b3cc10c84d50">Descarregar</a></div>

<!-- This site is optimized with the Yoast SEO plugin v27.5 - https://yoast.com/product/yoast-seo-wordpress/ -->
<title>Hospital da Luz Research Congress | 5th Edition | Centro Académico Clínico Católica Luz (CAC-CL)</title>
<meta name="robots" content="index, follow, max-snippet:-1, max-image-preview:large, max-video-preview:-1" />
<link rel="canonical" href="https://cac-cl.pt/pt/event/hospital-da-luz-research-congress-5th-edition/" />
<meta property="og:locale" content="pt_PT" />
<meta property="og:type" content="article" />
<meta property="og:title" content="Hospital da Luz Research Congress | 5th Edition | Centro Académico Clínico Católica Luz (CAC-CL)" />
<meta property="og:description" content="The 5th edition of the Hospital da Luz Research Congress aims to promote the integration of digital information, molecular biology, and human experience, reinforcing its commitment to science applied to clinical practice. This year, under the theme “Bits, Molecules and Humans,” the congress will highlight how this combination can have a real impact on healthcare. [&hellip;]" />
<meta property="og:url" content="https://cac-cl.pt/pt/event/hospital-da-luz-research-congress-5th-edition/" />
<meta property="og:site_name" content="Centro Académico Clínico Católica Luz (CAC-CL)" />
<meta property="article:modified_time" content="2026-04-29T08:53:29+00:00" />
<meta property="og:image" content="https://cac-cl.pt/wp-content/uploads/2026/04/ResearchCong_5Edi.jpg" />
	<meta property="og:image:width" content="665" />
	<meta property="og:image:height" content="350" />
	<meta property="og:image:type" content="image/jpeg" />
<meta name="twitter:card" content="summary_large_image" />
<meta name="twitter:label1" content="Tempo estimado de leitura" />
	<meta name="twitter:data1" content="2 minutos" />
<script type="application/ld+json" class="yoast-schema-graph">{"@context":"https:\/\/schema.org","@graph":[{"@type":"WebPage","@id":"https:\/\/cac-cl.pt\/event\/hospital-da-luz-research-congress-5th-edition\/","url":"https:\/\/cac-cl.pt\/event\/hospital-da-luz-research-congress-5th-edition\/","name":"Hospital da Luz Research Congress | 5th Edition | Centro Académico Clínico Católica Luz (CAC-CL)","isPartOf":{"@id":"https:\/\/cac-cl.pt\/#website"},"primaryImageOfPage":{"@id":"https:\/\/cac-cl.pt\/event\/hospital-da-luz-research-congress-5th-edition\/#primaryimage"},"image":{"@id":"https:\/\/cac-cl.pt\/event\/hospital-da-luz-research-congress-5th-edition\/#primaryimage"},"thumbnailUrl":"https:\/\/cac-cl.pt\/wp-content\/uploads\/2026\/04\/ResearchCong_5Edi.jpg","datePublished":"2026-04-29T08:53:28+00:00","dateModified":"2026-04-29T08:53:29+00:00","breadcrumb":{"@id":"https:\/\/cac-cl.pt\/event\/hospital-da-luz-research-congress-5th-edition\/#breadcrumb"},"inLanguage":"pt-PT","potentialAction":[{"@type":"ReadAction","target":["https:\/\/cac-cl.pt\/event\/hospital-da-luz-research-congress-5th-edition\/"]}]},{"@type":"ImageObject","inLanguage":"pt-PT","@id":"https:\/\/cac-cl.pt\/event\/hospital-da-luz-research-congress-5th-edition\/#primaryimage","url":"https:\/\/cac-cl.pt\/wp-content\/uploads\/2026\/04\/ResearchCong_5Edi.jpg","contentUrl":"https:\/\/cac-cl.pt\/wp-content\/uploads\/2026\/04\/ResearchCong_5Edi.jpg","width":665,"height":350},{"@type":"BreadcrumbList","@id":"https:\/\/cac-cl.pt\/event\/hospital-da-luz-research-congress-5th-edition\/#breadcrumb","itemListElement":[{"@type":"ListItem","position":1,"name":"Início","item":"https:\/\/cac-cl.pt\/"},{"@type":"ListItem","position":2,"name":"Hospital da Luz Research Congress | 5th Edition"}]},{"@type":"WebSite","@id":"https:\/\/cac-cl.pt\/#website","url":"https:\/\/cac-cl.pt\/","name":"Centro Académico Clínico Católica Luz (CAC-CL)","description":"Centro Académico Clínico Católica Luz","publisher":{"@id":"https:\/\/cac-cl.pt\/#organization"},"alternateName":"CAC-CL","potentialAction":[{"@type":"SearchAction","target":{"@type":"EntryPoint","urlTemplate":"https:\/\/cac-cl.pt\/?s={search_term_string}"},"query-input":{"@type":"PropertyValueSpecification","valueRequired":true,"valueName":"search_term_string"}}],"inLanguage":"pt-PT"},{"@type":"Organization","@id":"https:\/\/cac-cl.pt\/#organization","name":"Centro Académico Clínico Católica Luz (CAC-CL)","alternateName":"CAC-CL","url":"https:\/\/cac-cl.pt\/","logo":{"@type":"ImageObject","inLanguage":"pt-PT","@id":"https:\/\/cac-cl.pt\/#\/schema\/logo\/image\/","url":"https:\/\/cac-cl.pt\/wp-content\/uploads\/2024\/04\/cropped-CAC_Logotipo_Principal_Positivo-e1712844263631.png","contentUrl":"https:\/\/cac-cl.pt\/wp-content\/uploads\/2024\/04\/cropped-CAC_Logotipo_Principal_Positivo-e1712844263631.png","width":2249,"height":1409,"caption":"Centro Académico Clínico Católica Luz (CAC-CL)"},"image":{"@id":"https:\/\/cac-cl.pt\/#\/schema\/logo\/image\/"},"sameAs":["https:\/\/www.linkedin.com\/company\/caolica-luz-cac\/","https:\/\/www.instagram.com\/caccl.pt\/","https:\/\/pt.pinterest.com\/catolicaluz\/"]}]}</script>
<!-- / Yoast SEO plugin. -->

Hospital da Luz Research Congress | 5th Edition | Centro Académico Clínico Católica Luz (CAC-CL)

Centro Académico Clínico Católica Luz (CAC-CL)

Início

Centro Académico Clínico Católica Luz
